339.
2339
What are the prime factors of 592?
2, 37
What are the prime factors of 5785?
5, 13, 89
What are the prime factors of 927?
3, 103
List the prime factors of 178534.
2, 17, 59, 89
What are the prime factors of 38139?
3, 12713
List the prime factors of 5408.
2, 13
What are the prime factors of 7413?
3, 7, 353
List the prime factors of 71574.
2, 3, 79, 151
What are the prime factors of 13075?
5, 523
List the prime factors of 38935.
5, 13, 599
What are the prime factors of 9335?
5, 1867
What are the prime factors of 872?
2, 109
What are the prime factors of 2216?
2, 277
List the prime factors of 11914.
2, 7, 23, 37
What are the prime factors of 5031?
3, 13, 43
List the prime factors of 1539.
3, 19
List the prime factors of 59105.
5, 11821
List the prime factors of 31294.
2, 15647
What are the prime factors of 2704?
2, 13
What are the prime factors of 2280?
2, 3, 5, 19
List the prime factors of 15395.
5, 3079
What are the prime factors of 540?
2, 3, 5
What are the prime factors of 3869?
53, 73
What are the prime factors of 5399?
5399
What are the prime factors of 5284?
2, 1321
What are the prime factors of 9637?
23, 419
What are the prime factors of 2237?
2237
What are the prime factors of 74430?
2, 3, 5, 827
List the prime factors of 902.
2, 11, 41
List the prime factors of 11099.
11, 1009
What are the prime factors of 45412?
2, 11353
List the prime factors of 1626.
2, 3, 271
What are the prime factors of 506?
2, 11, 23
What are the prime factors of 2240?
2, 5, 7
What are the prime factors of 5524?
2, 1381
What are the prime factors of 30870?
2, 3, 5, 7
List the prime factors of 968.
2, 11
List the prime factors of 5759.
13, 443
List the prime factors of 15526.
2, 7, 1109
What are the prime factors of 563?
563
List the prime factors of 31671.
3, 17, 23
List the prime factors of 121142.
2, 7, 17, 509
List the prime factors of 817.
19, 43
What are the prime factors of 19088?
2, 1193
List the prime factors of 8679.
3, 11, 263
List the prime factors of 1253.
7, 179
What are the prime factors of 10689?
3, 7, 509
What are the prime factors of 249?
3, 83
List the prime factors of 486.
2, 3
List the prime factors of 10520.
2, 5, 263
What are the prime factors of 2242?
2, 19, 59
List the prime factors of 4807.
11, 19, 23
What are the prime factors of 28737?
3, 31, 103
What are the prime factors of 54492?
2, 3, 19, 239
List the prime factors of 1462.
2, 17, 43
What are the prime factors of 4848?
2, 3, 101
What are the prime factors of 362?
2, 181
List the prime factors of 8142.
2, 3, 23, 59
What are the prime factors of 158?
2, 79
What are the prime factors of 3068?
2, 13, 59
What are the prime factors of 6785?
5, 23, 59
What are the prime factors of 81792?
2, 3, 71
List the prime factors of 14712.
2, 3, 613
List the prime factors of 5881.
5881
What are the prime factors of 148804?
2, 37201
List the prime factors of 2144.
2, 67
List the prime factors of 435.
3, 5, 29
List the prime factors of 4286.
2, 2143
List the prime factors of 16648.
2, 2081
What are the prime factors of 5345?
5, 1069
List the prime factors of 3355.
5, 11, 61
What are the prime factors of 15886?
2, 13, 47
What are the prime factors of 10307?
11, 937
What are the prime factors of 1685?
5, 337
List the prime factors of 1375.
5, 11
What are the prime factors of 16660?
2, 5, 7, 17
What are the prime factors of 84801?
3, 23, 1229
What are the prime factors of 836?
2, 11, 19
What are the prime factors of 12070?
2, 5, 17, 71
List the prime factors of 504.
2, 3, 7
What are the prime factors of 28270?
2, 5, 11, 257
What are the prime factors of 15906?
2, 3, 11, 241
What are the prime factors of 1854?
2, 3, 103
List the prime factors of 1406.
2, 19, 37
What are the prime factors of 77065?
5, 15413
List the prime factors of 75834.
2, 3, 11, 383
What are the prime factors of 11802?
2, 3, 7, 281
List the prime factors of 1201.
1201
List the prime factors of 4206.
2, 3, 701
List the prime factors of 68133.
3, 13, 1747
List the prime factors of 9977.
11, 907
What are the prime factors of 81806?
2, 40903
List the prime factors of 27564.
2, 3, 2297
List the prime factors of 4755.
3, 5, 317
What are the prime factors of 19443?
3, 6481
What are the prime factors of 14003?
11, 19, 67
What are the prime factors of 9401?
7, 17, 79
List the prime factors of 697.
17, 41
What are the prime factors of 3311?
7, 11, 43
What are the prime factors of 244?
2, 61
What are the prime factors of 19413?
3, 719
What are the prime factors of 1726?
2, 863
What are the prime factors of 42707?
7, 6101
What are the prime factors of 11278?
2, 5639
What are the prime factors of 23365?
5, 4673
What are the prime factors of 1422?
2, 3, 79
List the prime factors of 1019.
1019
List the prime factors of 37589.
37589
List the prime factors of 607.
607
List the prime factors of 72028.
2, 11, 1637
What are the prime factors of 87020?
2, 5, 19, 229
What are the prime factors of 1279?
1279
List the prime factors of 289.
17
What are the prime factors of 1104?
2, 3, 23
List the prime factors of 854.
2, 7, 61
What are the prime factors of 21532?
2, 7, 769
What are the prime factors of 1697?
1697
List the prime factors of 99380.
2, 5, 4969
What are the prime factors of 9037?
7, 1291
List the prime factors of 2202.
2, 3, 367
What are the prime factors of 4590?
2, 3, 5, 17
List the prime factors of 5727.
3, 23, 83
What are the prime factors of 7153?
23, 311
What are the prime factors of 3445?
5, 13, 53
List the prime factors of 11776.
2, 23
List the prime factors of 166910.
2, 5, 16691
List the prime factors of 7804.
2, 1951
List the prime factors of 25047.
3, 11, 23
What are the prime factors of 147020?
2, 5, 7351
List the prime factors of 113.
113
What are the prime factors of 25940?
2, 5, 1297
What are the prime factors of 12643?
47, 269
What are the prime factors of 993?
3, 331
What are the prime factors of 57635?
5, 11527
What are the prime factors of 1517?
37, 41
List the prime factors of 1374.
2, 3, 229
What are the prime factors of 8661?
3, 2887
What are the prime factors of 5732?
2, 1433
List the prime factors of 5540.
2, 5, 277
List the prime factors of 1754.
2, 877
List the prime factors of 23865.
3, 5, 37, 43
List the prime factors of 2850.
2, 3, 5, 19
What are the prime factors of 154849?
154849
List the prime factors of 204.
2, 3, 17
List the prime factors of 7771.
19, 409
What are the prime factors of 456?
2, 3, 19
What are the prime factors of 21225?
3, 5, 283
List the prime factors of 84512.
2, 19, 139
List the prime factors of 99444.
2, 3, 8287
List the prime factors of 10027.
37, 271
List the prime factors of 8462.
2, 4231
List the prime factors of 481.
13, 37
What are the prime factors of 1240?
2, 5, 31
What are the prime factors of 35998?
2, 41, 439
What are the prime factors of 17817?
3, 5939
What are the prime factors of 1085?
5, 7, 31
List the prime factors of 1582.
2, 7, 113
List the prime factors of 85.
5, 17
What are the prime factors of 4578?
2, 3, 7, 109
List the prime factors of 13002.
2, 3, 11, 197
What are the prime factors of 19?
19
List the prime factors of 17823.
3, 13, 457
List the prime factors of 57995.
5, 7, 1657
List the prime factors of 180.
2, 3, 5
List the prime factors of 22169.
7, 3167
List the prime factors of 3785.
5, 757
List the prime factors of 28129.
23, 1223
What are the prime factors of 12389?
13, 953
List the prime factors of 38469.
3, 12823
List the prime factors of 4558.
2, 43, 53
What are the prime factors of 47159?
7, 6737
What are the prime factors of 2055?
3, 5, 137
List the prime factors of 27040.
2, 5, 13
What are the prime factors of 2291?
29, 79
What are the prime factors of 67209?
3, 43, 521
What are the prime factors of 32098?
2, 11, 1459
What are the prime factors of 14383?
19, 757
List the prime factors of 50323.
7, 13, 79
What are the prime factors of 74?
2, 37
What are the prime factors of 282?
2, 3, 47
List the prime factors of 29866.
2, 109, 137
What are the prime factors of 24178?
2, 7, 11, 157
List the prime factors of 6559.
7, 937
List the prime factors of 2996.
2, 7, 107
List the prime factors of 74816.
2, 7, 167
List the prime factors of 558.
2, 3, 31
List the prime factors of 68051.
17, 4003
What are the prime factors of 12766?
2, 13, 491
What are the pri